9
What is the tens digit of 1047475?
7
What is the units digit of 9355950?
0
What is the hundred thousands digit of 1128038?
1
What is the tens digit of 1501541?
4
What is the hundred thousands digit of 6715128?
7
What is the hundreds digit of 12190014?
0
What is the hundreds digit of 429202?
2
What is the millions digit of 2060556?
2
What is the millions digit of 2487645?
2
What is the hundreds digit of 26196155?
1
What is the ten thousands digit of 2672734?
7
What is the hundreds digit of 1801523?
5
What is the hundreds digit of 208614?
6
What is the hundreds digit of 253520?
5
What is the units digit of 5777254?
4
What is the ten thousands digit of 296907?
9
What is the hundred thousands digit of 6766256?
7
What is the millions digit of 13243105?
3
What is the hundreds digit of 4353?
3
What is the hundreds digit of 17656?
6
What is the units digit of 1190840?
0
What is the hundreds digit of 100556?
5
What is the ten thousands digit of 202633?
0
What is the units digit of 1041084?
4
What is the ten thousands digit of 15087876?
8
What is the hundred thousands digit of 2846341?
8
What is the ten thousands digit of 199072?
9
What is the units digit of 87821?
1
What is the units digit of 61827?
7
What is the hundred thousands digit of 19614382?
6
What is the thousands digit of 1580837?
0
What is the units digit of 53607?
7
What is the millions digit of 1079736?
1
What is the tens digit of 3891773?
7
What is the millions digit of 1513825?
1
What is the hundred thousands digit of 18839967?
8
What is the hundreds digit of 379804?
8
What is the millions digit of 4700175?
4
What is the tens digit of 593284?
8
What is the ten thousands digit of 762092?
6
What is the tens digit of 760231?
3
What is the ten thousands digit of 87722?
8
What is the units digit of 138114?
4
What is the ten thousands digit of 2827192?
2
What is the ten thousands digit of 2719080?
1
What is the ten thousands digit of 3284440?
8
What is the tens digit of 376759?
5
What is the units digit of 5996286?
6
What is the units digit of 5181225?
5
What is the hundreds digit of 118146?
1
What is the tens digit of 16663?
6
What is the hundred thousands digit of 223767?
2
What is the tens digit of 22054339?
3
What is the tens digit of 258404?
0
What is the millions digit of 2105686?
2
What is the units digit of 3711452?
2
What is the units digit of 3892785?
5
What is the units digit of 683656?
6
What is the units digit of 1963396?
6
What is the hundreds digit of 1745390?
3
What is the tens digit of 748862?
6
What is the ten thousands digit of 2536384?
3
What is the thousands digit of 619502?
9
What is the hundreds digit of 5903936?
9
What is the units digit of 632241?
1
What is the hundred thousands digit of 141438?
1
What is the hundred thousands digit of 399667?
3
What is the thousands digit of 33550993?
0
What is the tens digit of 440495?
9
What is the hundreds digit of 8949083?
0
What is the thousands digit of 371136?
1
What is the hundreds digit of 1403037?
0
What is the units digit of 35189953?
3
What is the ten thousands digit of 6509282?
0
What is the tens digit of 1081409?
0
What is the millions digit of 6025001?
6
What is the units digit of 774943?
3
What is the hundreds digit of 1660617?
6
What is the ten millions digit of 11346820?
1
What is the tens digit of 861726?
2
What is the ten thousands digit of 486651?
8
What is the tens digit of 15553269?
6
What is the millions digit of 1125874?
1
What is the millions digit of 16595819?
6
What is the hundred thousands digit of 195116?
1
What is the units digit of 111852?
2
What is the ten thousands digit of 742683?
4
What is the thousands digit of 11995177?
5
What is the hundreds digit of 2997725?
7
What is the tens digit of 349833?
3
What is the hundreds digit of 189093?
0
What is the thousands digit of 5466465?
6
What is the ten millions digit of 20452074?
2
What is the hundreds digit of 9748376?
3
What is the units digit of 1105749?
9
What is the hundred thousands digit of 1028963?
0
What is the hundreds digit of 160667?
6
What is the hundred thousands digit of 355184?
3
What is the ten thousands digit of 11753?
1
What is the hundred thousands digit of 7103775?
1
What is the hundreds digit of 340345?
3
What is the hundreds digit of 103703?
7
What is the hundred thousands digit of 208868?
2
What is the hundreds digit of 799093?
0
What is the hundred thousands digit of 7706842?
7
What is the ten thousands digit of 6553294?
5
What is the tens digit of 1982509?
0
What is the thousands digit of 3509548?
9
What is the units digit of 511316?
6
What is the units digit of 174948?
8
What is the units digit of 160157?
7
What is the hundred thousands digit of 12252385?
2
What is the millions digit of 9910122?
9
What is the hundred thousands digit of 7969206?
9
What is the hundreds digit of 633900?
9
What is the hundreds digit of 9389739?
7
What is the hundreds digit of 2036961?
9
What is the ten thousands digit of 42574?
4
What is the hundred thousands digit of 7181737?
1
What is the hundred thousands digit of 1206508?
2
What is the ten thousands digit of 1800282?
0
What is the tens digit of 149763?
6
What is the thousands digit of 7878745?
8
What is the units digit of 14716?
6
What is the hundred thousands digit of 679932?
6
What is the millions digit of 2518595?
2
What is the hundred thousands digit of 156120?
1
What is the units digit of 4560571?
1
What is the tens digit of 2086669?
6
What is the hundreds digit of 125040?
0
What is the hundred thousands digit of 216795?
2
What is the units digit of 24225?
5
What is the millions digit of 4092085?
4
What is the ten thousands digit of 16934273?
3
What is the millions digit of 1611511?
1
What is the ten thousands digit of 2363135?
6
What is the millions digit of 5455152?
5
What is the ten thousands digit of 379379?
7
What is the hundred thousands digit of 287665?
2
What is the units digit of 5615181?
1
What is the ten thousands digit of 1134197?
3
What is the units digit of 2447871?
1
What is the hundreds digit of 646375?
3
What is the thousands digit of 255382?
5
What is the millions digit of 1324827?
1
What is the hundred thousands digit of 11250709?
2
What is the thousands digit of 326919?
6
What is the ten thousands digit of 190677?
9
What is the tens digit of 55090?
9
What is the millions digit of 3698310?
3
What is the tens digit of 320682?
8
What is the ten thousands digit of 11821532?
2
What is the tens digit of 442184?
8
What is the units digit of 969776?
6
What is the hundreds digit of 1019951?
9
What is the millions digit of 2740967?
2
What is the hundred thousands digit of 299397?
2
What is the hundreds digit of 1262354?
3
What is the millions digit of 3384607?
3
What is the units digit of 27039752?
2
What is the ten thousands digit of 8369708?
6
What is the hundreds digit of 394613?
6
What is the ten thousands digit of 3414562?
1
What is the thousands digit of 27654?
7
What is the hundred thousands digit of 3182567?
1
What is the tens digit of 4575188?
8
What is the tens digit of 541620?
2
What is the thousands digit of 3803647?
3
What is the millions digit of 3586199?
3
What is the units digit of 188084?
4
What is the ten thousands digit of 80212?
8
What is the ten thousands digit of 859571?
5
What is the hundred thousands digit of 213722?
2
What is the tens digit of 9900574?
7
What is the tens digit of 134699?
9
What is the thousands digit of 4459?
4
What is the hundreds digit of 962780?
7
What is the units digit of 366077?
7
What is the ten thousands digit of 1159898?
5
What is the thousands digit of 36536?
6
What is the units digit of 697793?
3
What is the ten thousands digit of 598241?
9
What is the units digit of 28821480?
0
What is the ten thousands digit of 6696206?
9
What is the units digit of 172155?
5
What is the thousands digit of 167906?
7
What is the thousands digit of 157429?
7
What is the ten thousands digit of 20720?
2
What is the units digit of 170900?
0
What is the tens digit of 499002?
0
What is the tens digit of 931972?
7
What is the tens digit of 695821?
2
What is the hundreds digit of 1555250?
2
What is the thousands digit of 64987?
4
What is the thousands digit of 503737?
3
What is the ten thousands digit of 30686247?
8
What is the hundreds digit of 3